common divisor of 13 and 3445?
13
What is the highest common factor of 8 and 454?
2
What is the highest common divisor of 21 and 567?
21
Calculate the greatest common factor of 2838 and 66.
66
Calculate the highest common factor of 2776 and 64.
8
Calculate the highest common factor of 135 and 1440.
45
Calculate the greatest common divisor of 52 and 13.
13
Calculate the greatest common divisor of 152 and 3496.
152
What is the highest common divisor of 18145 and 95?
95
What is the highest common divisor of 28149 and 33?
33
Calculate the highest common factor of 8652 and 5356.
412
What is the greatest common factor of 1106 and 14?
14
What is the greatest common factor of 38513 and 19?
19
Calculate the highest common divisor of 4 and 326.
2
Calculate the highest common divisor of 817 and 95.
19
Calculate the highest common factor of 30 and 50.
10
What is the greatest common divisor of 7 and 1883?
7
What is the highest common divisor of 4 and 260?
4
Calculate the greatest common factor of 56 and 35.
7
Calculate the highest common divisor of 387 and 129.
129
Calculate the greatest common divisor of 46 and 69.
23
Calculate the greatest common divisor of 1332 and 261.
9
Calculate the greatest common divisor of 225 and 55.
5
What is the highest common divisor of 7 and 6741?
7
What is the highest common divisor of 3 and 393?
3
What is the greatest common divisor of 3006 and 18?
18
What is the highest common factor of 100 and 80?
20
Calculate the greatest common divisor of 650 and 78.
26
What is the greatest common factor of 984 and 48?
24
What is the highest common factor of 4773 and 129?
129
What is the greatest common divisor of 12 and 6?
6
Calculate the greatest common factor of 135 and 19485.
45
What is the greatest common factor of 84 and 6608?
28
What is the greatest common factor of 95 and 38?
19
Calculate the greatest common divisor of 123 and 5289.
123
Calculate the greatest common factor of 42 and 238.
14
What is the highest common factor of 188 and 5734?
94
What is the highest common factor of 66 and 110?
22
What is the greatest common factor of 10027 and 37?
37
What is the highest common factor of 1855 and 106?
53
What is the highest common divisor of 16 and 424?
8
Calculate the greatest common divisor of 24 and 3104.
8
What is the greatest common divisor of 198 and 66?
66
Calculate the greatest common factor of 119 and 73423.
119
Calculate the highest common factor of 297 and 44.
11
What is the greatest common divisor of 225 and 180?
45
What is the highest common factor of 928 and 58?
58
What is the highest common factor of 12 and 1212?
12
What is the greatest common factor of 319 and 145?
29
What is the highest common divisor of 29747 and 197?
197
What is the highest common divisor of 4074 and 42?
42
Calculate the greatest common factor of 10 and 640.
10
What is the greatest common factor of 140 and 360?
20
Calculate the highest common divisor of 84 and 48.
12
Calculate the greatest common divisor of 8425 and 50.
25
What is the highest common divisor of 90 and 120?
30
What is the greatest common factor of 2970 and 110?
110
Calculate the highest common factor of 66 and 231.
33
Calculate the highest common factor of 4838 and 164.
82
What is the greatest common divisor of 43 and 2?
1
Calculate the greatest common divisor of 5760 and 32.
32
What is the highest common factor of 2439 and 6?
3
Calculate the highest common factor of 552 and 216.
24
What is the highest common divisor of 35 and 805?
35
What is the highest common factor of 493 and 464?
29
Calculate the greatest common factor of 427 and 183.
61
Calculate the greatest common divisor of 2223 and 234.
117
Calculate the highest common divisor of 23 and 184.
23
Calculate the highest common divisor of 9 and 2367.
9
Calculate the greatest common factor of 16 and 26.
2
Calculate the greatest common divisor of 104 and 1378.
26
Calculate the greatest common factor of 84 and 20552.
28
Calculate the highest common divisor of 20 and 32.
4
Calculate the highest common divisor of 567 and 1575.
63
What is the highest common factor of 981 and 109?
109
What is the greatest common divisor of 1220 and 60?
20
What is the greatest common divisor of 276 and 12?
12
Calculate the highest common factor of 14 and 4382.
14
Calculate the highest common divisor of 725 and 100.
25
What is the highest common divisor of 588 and 6?
6
Calculate the highest common divisor of 221 and 391.
17
What is the highest common divisor of 23803 and 26?
13
Calculate the highest common divisor of 4203 and 18.
9
Calculate the highest common divisor of 303 and 1919.
101
Calculate the greatest common divisor of 14 and 126.
14
Calculate the greatest common divisor of 48 and 60.
12
Calculate the highest common factor of 80 and 40.
40
What is the greatest common factor of 27 and 1971?
27
Calculate the greatest common divisor of 1881 and 99.
99
Calculate the highest common divisor of 848 and 28.
4
Calculate the greatest common factor of 7 and 301.
7
What is the greatest common divisor of 925 and 37?
37
Calculate the greatest common divisor of 7990 and 340.
170
Calculate the highest common factor of 137 and 42881.
137
What is the highest common factor of 93 and 1147?
31
What is the greatest common divisor of 16 and 24?
8
What is the greatest common factor of 1131 and 87?
87
What is the highest common factor of 7 and 448?
7
What is the highest common factor of 11 and 3?
1
Calculate the greatest common factor of 440 and 55.
55
What is the greatest common factor of 112 and 70?
14
Calculate the greatest common factor of 468 and 144.
36
Calculate the highest common divisor of 37 and 1110.
37
Calculate the highest common factor of 944 and 413.
59
Calculate the greatest common factor of 1872 and 720.
144
What is the highest common divisor of 62 and 24118?
62
Calculate the greatest common divisor of 6713 and 137.
137
Calculate the greatest common divisor of 42 and 28.
14
Calculate the highest common divisor of 572 and 1300.
52
Calculate the greatest common divisor of 92 and 161.
23
What is the greatest common factor of 153 and 36?
9
What is the highest common factor of 13 and 2197?
13
What is the greatest common factor of 2047 and 1104?
23
What is the highest common factor of 158 and 2291?
79
Calculate the highest common factor of 364 and 156.
52
Calculate the greatest common divisor of 14 and 8.
2
What is the greatest common divisor of 200 and 75?
25
Calculate the greatest common divisor of 13 and 871.
13
What is the greatest common factor of 286 and 624?
26
Calculate the greatest common factor of 17374 and 7.
7
Calculate the greatest common factor of 19428 and 12.
12
Calculate the greatest common divisor of 78 and 222.
6
What is the greatest common factor of 15 and 3585?
15
What is the highest common factor of 2132 and 884?
52
What is the greatest common divisor of 648 and 600?
24
Calculate the greatest common factor of 1269 and 27.
27
Calculate the greatest common divisor of 1288 and 184.
184
What is the highest common divisor of 46793 and 73?
73
What is the greatest common divisor of 72 and 240?
24
Calculate the greatest common divisor of 36 and 414.
18
What is the highest common divisor of 580 and 40?
20
What is the greatest common divisor of 1426 and 558?
62
Calculate the greatest common factor of 1472 and 192.
64
What is the greatest common divisor of 450 and 22650?
150
Calculate the highest common divisor of 1419 and 903.
129
What is the highest common divisor of 138566 and 158?
158
What is the greatest common factor of 112 and 7?
7
What is the greatest common divisor of 47424 and 152?
152
What is the greatest common divisor of 5161 and 39?
13
What is the greatest common factor of 299 and 104?
13
Calculate the greatest common divisor of 95 and 15.
5
What is the greatest common divisor of 21 and 3801?
21
What is the greatest common divisor of 110 and 100?
10
What is the greatest common divisor of 129 and 27047?
43
What is the highest common factor of 441 and 49?
49
What is the highest common divisor of 198 and 576?
18
Calculate the highest common divisor of 1274 and 117.
13
Calculate the highest common factor of 1785 and 340.
85
What is the greatest common factor of 27 and 1422?
9
Calculate the highest common factor of 29 and 4553.
29
W